{"id":1257,"date":"2019-05-21T15:01:23","date_gmt":"2019-05-21T13:01:23","guid":{"rendered":"http:\/\/www.artursokolowski.pl\/?page_id=1257"},"modified":"2022-04-08T10:05:28","modified_gmt":"2022-04-08T08:05:28","slug":"cena-fotografia-slubna","status":"publish","type":"page","link":"http:\/\/www.artursokolowski.pl\/index.php\/cena-fotografia-slubna\/","title":{"rendered":"Cennik Fotografia \u015alubna"},"content":{"rendered":"\t\t<div data-elementor-type=\"wp-page\" data-elementor-id=\"1257\" class=\"elementor elementor-1257\">\n\t\t\t\t\t\t<div class=\"elementor-inner\">\n\t\t\t\t<div class=\"elementor-section-wrap\">\n\t\t\t\t\t\t\t\t\t<section class=\"elementor-section elementor-top-section elementor-element elementor-element-4567b724 elementor-section-boxed elementor-section-height-default elementor-section-height-default\" data-id=\"4567b724\" data-element_type=\"section\">\n\t\t\t\t\t\t<div class=\"elementor-container elementor-column-gap-default\">\n\t\t\t\t\t\t\t<div class=\"elementor-row\">\n\t\t\t\t\t<div class=\"elementor-column elementor-col-100 elementor-top-column elementor-element elementor-element-3bdfd458\" data-id=\"3bdfd458\" data-element_type=\"column\">\n\t\t\t<div class=\"elementor-column-wrap elementor-element-populated\">\n\t\t\t\t\t\t\t<div class=\"elementor-widget-wrap\">\n\t\t\t\t\t\t<div class=\"elementor-element elementor-element-35b696f3 elementor-invisible elementor-widget elementor-widget-text-editor\" data-id=\"35b696f3\" data-element_type=\"widget\" data-settings=\"{&quot;_animation&quot;:&quot;fadeInLeft&quot;}\" data-widget_type=\"text-editor.default\">\n\t\t\t\t<div class=\"elementor-widget-container\">\n\t\t\t\t\t\t\t\t<div class=\"elementor-text-editor elementor-clearfix\">\n\t\t\t\t<p><span style=\"color: #999999;\">\u015alub to naprawd\u0119 wyj\u0105tkowe wydarzenie i ogromne emocje. Szykuj\u0105c si\u0119 na ten dzie\u0144 dopracowujecie ka\u017cdy szczeg\u00f3\u0142 &#8211; wiem o tym, bo od wielu lat towarzysz\u0119 Wam w tym wyj\u0105tkowym dniu. Dzi\u0119kuj\u0119 \ud83d\ude42<\/span><\/p><p><span style=\"color: #999999;\">W fotoreporta\u017cu \u015blubnym skupiam si\u0119 na uchwyceniu wyj\u0105tkowych emocji i chwil, a fotografuj\u0105c detale podkre\u015blam magi\u0119 miejsca i tworz\u0119 o Was i o Waszych bliskich ma\u0142\u0105, wielk\u0105 histori\u0119. <\/span><\/p><p><span style=\"color: #999999;\">\u015alubne sesje zdj\u0119ciowe robione s\u0105 we wcze\u015bniej ustalonych miejscach, jak r\u00f3wnie\u017c wybierane s\u0105 prosto z drogi. Mo\u017ce by\u0107 spontanicznie, jak i szczeg\u00f3\u0142owo przemy\u015blane, by pokaza\u0107 Was &#8211; odzwierciedlaj\u0105c charaktery, nawi\u0105zuj\u0105c do pasji czy zawod\u00f3w. Sesj\u0119 mo\u017cna utrzyma\u0107 w jednym lub kilku klimatach.<\/span><\/p><p><span style=\"color: #999999;\"><span style=\"color: #00ccff;\">Ceny pakiet\u00f3w \u015blubnych wahaj\u0105 si\u0119 od 2300 z\u0142 do 4300 z\u0142.<\/span> Szczeg\u00f3\u0142owy cennik wysy\u0142am zainteresowanym. Czasem, ze wzgl\u0119du na okoliczno\u015bci pakiet \u015blubny tworz\u0119 dla Was indywidualnie.<\/span><\/p><p><span style=\"color: #999999;\">Je\u015bli pragniecie, abym to w\u0142a\u015bnie ja towarzyszy\u0142 Wam w tym dniu, napiszcie do mnie lub zadzwo\u0144cie. Zaprosz\u0119 Was do swego studia w Bia\u0142ymstoku na kaw\u0119 czy herbat\u0119, usi\u0105dziemy wygodnie i postaram si\u0119 rozwia\u0107 Wasze w\u0105tpliwo\u015bci, a przy okazji ch\u0119tnie Was\u00a0 poznam. Odpowiem na Wasze pytania oraz opowiem o moim sposobie pracy w dniu \u015blubu i na sesji zdj\u0119ciowej. Przedstawi\u0119 jak to wszystko wygl\u0105da od strony technicznej.<\/span><\/p><p><span style=\"color: #999999;\">Wsp\u00f3\u0142pracuj\u0119 z najlepszym laboratorium i producentem odbitek, album\u00f3w itp. Oferuj\u0119 Wam produkty najwy\u017cszej jako\u015bci. Dzi\u0119ki temu Wasze wspomnienia zostan\u0105 z Wami na lata.\u00a0<\/span><\/p><p><span style=\"color: #999999;\">Zazwyczaj pracuj\u0119 na terenie Bia\u0142egostoku i okolic, ale ch\u0119tnie dojad\u0119 w dowolne miejsce w kraju czy za granic\u0105. Wymagana wcze\u015bniejsza rezerwacja.<\/span><\/p>\t\t\t\t\t<\/div>\n\t\t\t\t\t\t<\/div>\n\t\t\t\t<\/div>\n\t\t\t\t\t\t<\/div>\n\t\t\t\t\t<\/div>\n\t\t<\/div>\n\t\t\t\t\t\t\t\t<\/div>\n\t\t\t\t\t<\/div>\n\t\t<\/section>\n\t\t\t\t\t\t\t\t\t<\/div>\n\t\t\t<\/div>\n\t\t\t\t\t<\/div>\n\t\t","protected":false},"excerpt":{"rendered":"<p>\u015alub to naprawd\u0119 wyj\u0105tkowe wydarzenie i ogromne emocje. Szykuj\u0105c si\u0119 na ten dzie\u0144 dopracowujecie ka\u017cdy szczeg\u00f3\u0142 &#8211; wiem o tym, bo od wielu lat towarzysz\u0119 Wam w&hellip;<\/p>\n<p> <a class=\"more-link\" href=\"http:\/\/www.artursokolowski.pl\/index.php\/cena-fotografia-slubna\/\">Czytaj dalej<\/a><\/p>\n","protected":false},"author":1,"featured_media":0,"parent":0,"menu_order":0,"comment_status":"closed","ping_status":"closed","template":"","meta":{"_monsterinsights_skip_tracking":false,"_monsterinsights_sitenote_active":false,"_monsterinsights_sitenote_note":"","_monsterinsights_sitenote_category":0},"_links":{"self":[{"href":"http:\/\/www.artursokolowski.pl\/index.php\/wp-json\/wp\/v2\/pages\/1257"}],"collection":[{"href":"http:\/\/www.artursokolowski.pl\/index.php\/wp-json\/wp\/v2\/pages"}],"about":[{"href":"http:\/\/www.artursokolowski.pl\/index.php\/wp-json\/wp\/v2\/types\/page"}],"author":[{"embeddable":true,"href":"http:\/\/www.artursokolowski.pl\/index.php\/wp-json\/wp\/v2\/users\/1"}],"replies":[{"embeddable":true,"href":"http:\/\/www.artursokolowski.pl\/index.php\/wp-json\/wp\/v2\/comments?post=1257"}],"version-history":[{"count":7,"href":"http:\/\/www.artursokolowski.pl\/index.php\/wp-json\/wp\/v2\/pages\/1257\/revisions"}],"predecessor-version":[{"id":3145,"href":"http:\/\/www.artursokolowski.pl\/index.php\/wp-json\/wp\/v2\/pages\/1257\/revisions\/3145"}],"wp:attachment":[{"href":"http:\/\/www.artursokolowski.pl\/index.php\/wp-json\/wp\/v2\/media?parent=1257"}],"curies":[{"name":"wp","href":"https:\/\/api.w.org\/{rel}","templated":true}]}}

Cennik Fotografia Ślubna

<div data-elementor-type="wp-page" data-elementor-id="1257" class="elementor elementor-1257">
						<div class="elementor-inner">
				<div class="elementor-section-wrap">
									<section class="elementor-section elementor-top-section elementor-element elementor-element-4567b724 elementor-section-boxed elementor-section-height-default elementor-section-height-default" data-id="4567b724" data-element_type="section">
						<div class="elementor-container elementor-column-gap-default">
							<div class="elementor-row">
					<div class="elementor-column elementor-col-100 elementor-top-column elementor-element elementor-element-3bdfd458" data-id="3bdfd458" data-element_type="column">
			<div class="elementor-column-wrap elementor-element-populated">
							<div class="elementor-widget-wrap">
						<div class="elementor-element elementor-element-35b696f3 elementor-invisible elementor-widget elementor-widget-text-editor" data-id="35b696f3" data-element_type="widget" data-settings="{&quot;_animation&quot;:&quot;fadeInLeft&quot;}" data-widget_type="text-editor.default">
				<div class="elementor-widget-container">
								<div class="elementor-text-editor elementor-clearfix">
				<p><span style="color: #999999;">Ślub to naprawdę wyjątkowe wydarzenie i ogromne emocje. Szykując się na ten dzień dopracowujecie każdy szczegół &#8211; wiem o tym, bo od wielu lat towarzyszę Wam w tym wyjątkowym dniu. Dziękuję 🙂</span></p><p><span style="color: #999999;">W fotoreportażu ślubnym skupiam się na uchwyceniu wyjątkowych emocji i chwil, a fotografując detale podkreślam magię miejsca i tworzę o Was i o Waszych bliskich małą, wielką historię. </span></p><p><span style="color: #999999;">Ślubne sesje zdjęciowe robione są we wcześniej ustalonych miejscach, jak również wybierane są prosto z drogi. Może być spontanicznie, jak i szczegółowo przemyślane, by pokazać Was &#8211; odzwierciedlając charaktery, nawiązując do pasji czy zawodów. Sesję można utrzymać w jednym lub kilku klimatach.</span></p><p><span style="color: #999999;"><span style="color: #00ccff;">Ceny pakietów ślubnych wahają się od 2300 zł do 4300 zł.</span> Szczegółowy cennik wysyłam zainteresowanym. Czasem, ze względu na okoliczności pakiet ślubny tworzę dla Was indywidualnie.</span></p><p><span style="color: #999999;">Jeśli pragniecie, abym to właśnie ja towarzyszył Wam w tym dniu, napiszcie do mnie lub zadzwońcie. Zaproszę Was do swego studia w Białymstoku na kawę czy herbatę, usiądziemy wygodnie i postaram się rozwiać Wasze wątpliwości, a przy okazji chętnie Was  poznam. Odpowiem na Wasze pytania oraz opowiem o moim sposobie pracy w dniu ślubu i na sesji zdjęciowej. Przedstawię jak to wszystko wygląda od strony technicznej.</span></p><p><span style="color: #999999;">Współpracuję z najlepszym laboratorium i producentem odbitek, albumów itp. Oferuję Wam produkty najwyższej jakości. Dzięki temu Wasze wspomnienia zostaną z Wami na lata. </span></p><p><span style="color: #999999;">Zazwyczaj pracuję na terenie Białegostoku i okolic, ale chętnie dojadę w dowolne miejsce w kraju czy za granicą. Wymagana wcześniejsza rezerwacja.</span></p>					</div>
						</div>
				</div>
						</div>
					</div>
		</div>
								</div>
					</div>
		</section>
									</div>
			</div>
					</div>

<p>Ślub to naprawdę wyjątkowe wydarzenie i ogromne emocje. Szykując się na ten dzień dopracowujecie każdy szczegół &#8211; wiem o tym, bo od wielu lat towarzyszę Wam w&hellip;</p>
<p> <a class="more-link" href="http://www.artursokolowski.pl/index.php/cena-fotografia-slubna/">Czytaj dalej</a></p>
